4832 a multiple of 32?
True
Is 33 a factor of 55848243?
True
Is 170 a factor of 3263660?
True
Is 2325 a factor of 20319199?
False
Is 2323 a factor of 112170701?
True
Does 6057 divide 403378029?
True
Is 483285893 a multiple of 42?
False
Does 411 divide 2773229487?
True
Does 157 divide 17055695?
True
Is 714 a factor of 543618180?
True
Does 24 divide 48905497?
False
Does 35 divide 396402441?
False
Is 1432 a factor of 11620680?
True
Does 241 divide 19325265?
False
Does 246 divide 37735416?
True
Is 166 a factor of 49533736?
True
Is 32534340 a multiple of 282?
True
Does 159 divide 37077369?
True
Does 158 divide 52512880?
True
Does 10 divide 22371217?
False
Is 137 a factor of 150733452?
False
Is 19357800 a multiple of 1925?
True
Is 224238965 a multiple of 281?
False
Does 24 divide 465760464?
True
Is 213173732 a multiple of 4?
True
Is 24736168 a multiple of 2025?
False
Is 567114466 a multiple of 8?
False
Is 683939109 a multiple of 161?
True
Is 2535 a factor of 1935585383?
False
Is 48 a factor of 2635316?
False
Is 60458687 a multiple of 1217?
False
Is 112 a factor of 87561600?
True
Is 34926245 a multiple of 5?
True
Is 335239737 a multiple of 356?
False
Is 21994164 a multiple of 263?
True
Is 47256898 a multiple of 6?
False
Is 21 a factor of 18382534?
False
Does 5 divide 5112220?
True
Does 1250 divide 81216775?
False
Is 884950368 a multiple of 816?
True
Is 28 a factor of 138155780?
True
Is 3 a factor of 88572327?
True
Is 17 a factor of 771680133?
True
Is 1339087 a multiple of 44?
False
Is 21 a factor of 64070706?
True
Is 60382471 a multiple of 3?
False
Is 13 a factor of 72868758?
False
Is 87 a factor of 13354604?
False
Is 322 a factor of 482907364?
False
Is 293987520 a multiple of 64?
True
Is 63 a factor of 27725355?
True
Is 17 a factor of 13665246?
True
Is 1900 a factor of 4467685189?
False
Does 273 divide 68675607?
True
Is 204 a factor of 89683923?
False
Is 9322 a factor of 3513803373?
False
Does 3 divide 964416?
True
Does 1194 divide 163549344?
True
Does 472 divide 146190200?
True
Does 2499 divide 566120961?
True
Is 34 a factor of 614375280?
False
Is 125677670 a multiple of 3767?
False
Is 132196389 a multiple of 55?
False
Is 226309104 a multiple of 12?
True
Is 175 a factor of 95848369?
False
Does 123 divide 48391543?
False
Is 44089920 a multiple of 567?
True
Is 46956370 a multiple of 75?
False
Does 73 divide 386055566?
False
Does 26 divide 15279132?
False
Is 124 a factor of 4848992844?
True
Does 3 divide 6666895?
False
Does 1120 divide 80432895?
False
Is 340 a factor of 3409281?
False
Is 47844160 a multiple of 1984?
True
Does 30 divide 2086230?
True
Does 329 divide 69958323?
False
Is 66 a factor of 1332540?
True
Does 342 divide 5807380793?
False
Is 363010 a multiple of 29?
False
Is 1151949 a multiple of 3?
True
Is 2 a factor of 9211043?
False
Does 4 divide 29749766?
False
Is 1217 a factor of 30480982?
True
Is 105 a factor of 623507430?
True
Is 97 a factor of 72202072?
False
Is 1946584618 a multiple of 38?
True
Is 3423 a factor of 217780603?
False
Is 44317581 a multiple of 363?
True
Is 19 a factor of 501378822?
False
Is 12 a factor of 98127085?
False
Is 1308918168 a multiple of 5?
False
Does 13 divide 535954163?
False
Is 186502820 a multiple of 70?
True
Is 126659154 a multiple of 12?
False
Is 455 a factor of 5465460?
True
Does 14 divide 3841600?
True
Is 15 a factor of 35737590?
True
Is 118056762 a multiple of 77?
False
Does 46 divide 14884967?
False
Does 268 divide 351137084?
True
Is 194 a factor of 1313321607?
False
Does 1165 divide 2835861666?
False
Does 23 divide 1393931238?
True
Is 458453956 a multiple of 2810?
False
Is 18 a factor of 219232018?
False
Does 131 divide 37223752?
False
Does 67 divide 789531455?
False
Does 24 divide 2025552720?
True
Is 97 a factor of 29351618?
True
Does 67 divide 8216587?
False
Does 107 divide 1872087729?
True
Is 328869785 a multiple of 6?
False
Does 7 divide 131571517?
True
Does 2087 divide 109390046?
False
Is 8 a factor of 86042025?
False
Is 1011 a factor of 150185964?
False
Is 723176883 a multiple of 430?
False
Is 460 a factor of 24126540?
True
Is 10 a factor of 9029540?
True
Is 154 a factor of 840400311?
False
Is 4873 a factor of 567256184?
True
Does 5 divide 555062?
False
Is 377 a factor of 25440995?
False
Does 169 divide 9941763?
True
Is 611712201 a multiple of 1109?
True
Does 481 divide 5256849?
True
Does 164 divide 135110088?
True
Is 1976 a factor of 39030104?
False
Is 16 a factor of 844507728?
True
Does 69 divide 897976695?
True
Is 1049901497 a multiple of 35?
False
Does 11 divide 425033900?
False
Does 471 divide 332951305?
False
Is 37228143 a multiple of 8?
False
Is 879037759 a multiple of 2539?
False
Does 753 divide 166452156?
True
Does 12033 divide 5783972896?
False
Is 168 a factor of 385371274?
False
Is 15803579 a multiple of 463?
True
Does 111 divide 1569149?
False
Is 5860 a factor of 991054920?
True
Is 14819039 a multiple of 6?
False
Is 29 a factor of 39061212?
False
Is 19782464 a multiple of 124?
True
Does 4499 divide 1893300673?
True
Is 21 a factor of 2730525?
True
Does 619 divide 594083995?
False
Does 630 divide 983884719?
False
Is 12 a factor of 103544568?
True
Is 1539029901 a multiple of 547?
True
Is 42 a factor of 1126398?
True
Is 103 a factor of 26374592?
True
Is 438 a factor of 37641357?
False
Is 511434732 a multiple of 204?
True
Is 676603944 a multiple of 18?
True
Is 12357349 a multiple of 20?
False
Is 1089 a factor of 171316035?
True
Is 39 a factor of 10661524?
False
Is 3069000684 a multiple of 51?
True
Does 477 divide 21565820?
False
Is 28 a factor of 10085558?
False
Is 438 a factor of 20197922?
False
Is 344904192 a multiple of 768?
True
Is 17 a factor of 17125222?
True
Is 10440935 a multiple of 6?
False
Is 100029198 a multiple of 579?
True
Is 798222706 a multiple of 55?
False
Is 419 a factor of 116926007?
False
Is 403046614 a multiple of 907?
False
Does 103 divide 620266927?
True
Is 5285 a factor of 1863340031?
False
Is 56609418 a multiple of 30?
False
Is 92 a factor of 554547112?
True
Is 5638799 a multiple of 701?
False
Is 110968835 a multiple of 29?
False
Does 6364 divide 2497209530?
False
Does 413 divide 1388804036?
False
Is 751 a factor of 671941841?
False
Does 45 divide 1123158195?
True
Is 706483199 a multiple of 3699?
False
Does 8 divide 9152952?
True
Does 124 divide 63323882?
False
Is 10 a factor of 3673180?
True
Is 11964 a factor of 2539167576?
True
Does 3485 divide 1364675849?
False
Is 9861908 a multiple of 1238?
True
Is 25920551 a multiple of 453?
False
Is 417641889 a multiple of 713?
True
Is 54 a factor of 39479076?
True
Is 18 a factor of 727881803?
False
Does 2128 divide 4072815?
False
Is 45942129 a multiple of 449?
True
Is 4185483500 a multiple of 250?
True
Is 1916324796 a multiple of 99?
False
Is 491825664 a multiple of 372?
True
Does 660 divide 161609309?
False
Does 18 divide 305630013?
False
Is 38 a factor of 12146662?
True
Does 3 divide 473983270?
False
Is 1114 a factor of 415056852?
False
Is 98 a factor of 27034084?
True
Is 3165826 a multiple of 41?
False
Is 52 a factor of 690119612?
True
Is 6312872 a multiple of 4?
True
Does 31 divide 178357443?
False
Is 332 a factor of 79703572?
True
Is 5777 a factor of 1357953174?
True
Is 72693600 a multiple of 24?
True
Is 207997926 a multiple of 6?
True
Does 67 divide 146560598?
False
Is 794 a factor of 366752570?
True
Is 1970121 a multiple of 41?
False
Is 310287586 a multiple of 178?
False
Is 2382 a factor of 22090668?
True
Does 67 divide 116011631?
False
Is 2905006 a multiple of 24?
False
Does 6 divide 15021572?
False
Is 92 a factor of 47701210?
False
Does 4 divide 5392634?
False
Does 3991 divide 3130499110?
False
Is 2827 a factor of 288105535?
False
Does 17 divide 10163127?
True
Is 1070 a factor of 1012610550?
True
Is 731004963 a multiple of 3?
True
Does 90 divide 1137803455?
False
Does 44 divide 245691864?
True
Is 84225951 a multiple of 37?
False
Is 305067791 a multiple of 4669?
True
Is 168554534 a multiple of 229?
True
Does 440 divide 623451400?
True
Is 1706 a factor of 6469031?
False
Does 142 divide 8310550?
True
Is 22 a factor of 33278652?
True
Is 475 a factor of 2147982211?
False
Is 205055840 a multiple of 22?
True
Is 20 a factor of 169712219?
False
Is 425580742 a multiple of 22?
False
Does 2397 divide 1009796175?
True
Is 47